37?
7, 13, 47, 83
What are the prime factors of 29967057?
3, 1109891
What are the prime factors of 4694757?
3, 67, 23357
List the prime factors of 7832858.
2, 11, 356039
List the prime factors of 8108815.
5, 11, 13, 1031
List the prime factors of 8231611.
41, 200771
What are the prime factors of 1349137?
17, 61, 1301
List the prime factors of 4794508.
2, 563, 2129
List the prime factors of 108052.
2, 7, 17, 227
List the prime factors of 14974507.
14974507
What are the prime factors of 164687?
37, 4451
List the prime factors of 184923.
3, 761
What are the prime factors of 25350?
2, 3, 5, 13
List the prime factors of 4019055.
3, 5, 17, 15761
What are the prime factors of 209641?
29, 7229
What are the prime factors of 4796098?
2, 23, 41, 2543
What are the prime factors of 389433?
3, 11, 11801
What are the prime factors of 3538381?
7, 11, 45953
List the prime factors of 334922.
2, 7, 47, 509
List the prime factors of 5801598.
2, 3, 11, 9767
What are the prime factors of 83800?
2, 5, 419
What are the prime factors of 57573?
3, 6397
What are the prime factors of 5573588?
2, 1393397
What are the prime factors of 368827?
53, 6959
What are the prime factors of 1370121?
3, 61, 7487
List the prime factors of 835891.
7, 2437
What are the prime factors of 28663527?
3, 9554509
List the prime factors of 488360.
2, 5, 29, 421
List the prime factors of 16941310.
2, 5, 71, 107, 223
List the prime factors of 6710263.
7, 958609
List the prime factors of 654235.
5, 23, 5689
What are the prime factors of 11762816?
2, 13, 7069
What are the prime factors of 18118730?
2, 5, 7, 103, 359
What are the prime factors of 1463823?
3, 41, 3967
What are the prime factors of 2845459?
19, 31, 4831
List the prime factors of 96469.
96469
List the prime factors of 747573.
3, 211, 1181
List the prime factors of 150028.
2, 37507
What are the prime factors of 2742814?
2, 17, 80671
What are the prime factors of 413120?
2, 5, 1291
What are the prime factors of 2248000?
2, 5, 281
What are the prime factors of 2101403?
59, 35617
What are the prime factors of 139733?
11, 12703
What are the prime factors of 2124070?
2, 5, 13, 16339
What are the prime factors of 2709727?
2709727
What are the prime factors of 15644?
2, 3911
List the prime factors of 441031.
17, 25943
List the prime factors of 1075754.
2, 537877
List the prime factors of 2408883.
3, 17, 149, 317
What are the prime factors of 223302?
2, 3, 37217
List the prime factors of 25288089.
3, 613, 13751
List the prime factors of 3277.
29, 113
What are the prime factors of 1272614?
2, 7, 90901
What are the prime factors of 2242749?
3, 747583
What are the prime factors of 3278990?
2, 5, 11, 13, 2293
List the prime factors of 176045.
5, 137, 257
What are the prime factors of 1431422?
2, 19, 139, 271
List the prime factors of 24151760.
2, 5, 301897
List the prime factors of 29721472.
2, 11, 19, 101
List the prime factors of 1782495.
3, 5, 11, 13, 277
List the prime factors of 80353.
7, 13, 883
What are the prime factors of 1856732?
2, 229, 2027
What are the prime factors of 210484?
2, 101, 521
List the prime factors of 86330.
2, 5, 89, 97
What are the prime factors of 14747172?
2, 3, 11, 111721
What are the prime factors of 897178?
2, 173, 2593
List the prime factors of 1041232.
2, 59, 1103
List the prime factors of 1713067.
499, 3433
List the prime factors of 984277.
7, 140611
What are the prime factors of 968421?
3, 322807
What are the prime factors of 9727987?
727, 13381
What are the prime factors of 13444743?
3, 13, 59, 5843
List the prime factors of 11112056.
2, 1389007
List the prime factors of 424357.
29, 14633
List the prime factors of 3941444.
2, 13, 75797
What are the prime factors of 1480751?
17, 87103
What are the prime factors of 15974486?
2, 11, 31, 59, 397
What are the prime factors of 1320074?
2, 7, 94291
What are the prime factors of 10860496?
2, 193, 3517
List the prime factors of 273966.
2, 3, 7, 11, 593
What are the prime factors of 20000315?
5, 4000063
What are the prime factors of 4159828?
2, 31, 33547
List the prime factors of 1536340.
2, 5, 13, 19, 311
What are the prime factors of 12771389?
193, 66173
What are the prime factors of 328492?
2, 41, 2003
List the prime factors of 27942587.
27942587
What are the prime factors of 9566968?
2, 59, 20269
List the prime factors of 532401.
3, 177467
List the prime factors of 12437094.
2, 3, 601, 3449
What are the prime factors of 220430?
2, 5, 7, 47, 67
What are the prime factors of 5556355?
5, 7, 22679
What are the prime factors of 2701259?
11, 37, 6637
What are the prime factors of 329954?
2, 19, 457
List the prime factors of 43790.
2, 5, 29, 151
List the prime factors of 16817581.
11, 1528871
What are the prime factors of 3439240?
2, 5, 7, 71, 173
What are the prime factors of 2353138?
2, 103, 11423
List the prime factors of 38402.
2, 7, 13, 211
List the prime factors of 511226.
2, 255613
List the prime factors of 3056697.
3, 7, 599
What are the prime factors of 129889?
193, 673
What are the prime factors of 37757681?
13, 29, 100153
What are the prime factors of 3591341?
13, 276257
What are the prime factors of 104415?
3, 5, 6961
List the prime factors of 9363034.
2, 4681517
What are the prime factors of 5102057?
17, 29, 79, 131
What are the prime factors of 133558?
2, 43, 1553
What are the prime factors of 708796?
2, 11, 89, 181
List the prime factors of 653615.
5, 61, 2143
List the prime factors of 10583188.
2, 7, 11, 34361
What are the prime factors of 19847977?
29, 41, 16693
List the prime factors of 10621041.
3, 53, 67, 997
What are the prime factors of 3595690?
2, 5, 7, 31, 1657
What are the prime factors of 876241?
251, 3491
What are the prime factors of 3130570?
2, 5, 37, 8461
List the prime factors of 1643734.
2, 107, 7681
List the prime factors of 10914260.
2, 5, 7, 37, 43
List the prime factors of 122983.
7, 17569
What are the prime factors of 136310?
2, 5, 43, 317
What are the prime factors of 5496688?
2, 343543
What are the prime factors of 7978353?
3, 2659451
List the prime factors of 508752.
2, 3, 3533
What are the prime factors of 470534?
2, 23, 53, 193
List the prime factors of 2283446.
2, 11, 271, 383
List the prime factors of 12083659.
7, 1726237
What are the prime factors of 225924?
2, 3, 67, 281
List the prime factors of 654223.
654223
What are the prime factors of 956943?
3, 13, 8179
What are the prime factors of 314788?
2, 78697
List the prime factors of 1119489.
3, 7, 53309
List the prime factors of 3136699.
53, 59183
List the prime factors of 6803335.
5, 7, 11, 41, 431
What are the prime factors of 5244966?
2, 3, 23, 41, 103
List the prime factors of 254012.
2, 11, 23, 251
List the prime factors of 100788.
2, 3, 37, 227
What are the prime factors of 1997016?
2, 3, 7, 11887
List the prime factors of 685625.
5, 1097
What are the prime factors of 14251?
14251
List the prime factors of 983906.
2, 7, 11, 6389
List the prime factors of 1880307.
3, 11, 13, 487
What are the prime factors of 22420453?
11, 127, 1459
What are the prime factors of 2280437?
19, 6317
What are the prime factors of 354610?
2, 5, 35461
What are the prime factors of 255211?
11, 23201
List the prime factors of 320982.
2, 3, 61, 877
What are the prime factors of 5122037?
31, 127, 1301
What are the prime factors of 1111008?
2, 3, 71, 163
List the prime factors of 2022079.
41, 149, 331
What are the prime factors of 1308399?
3, 173, 2521
What are the prime factors of 128400?
2, 3, 5, 107
List the prime factors of 1373692.
2, 343423
List the prime factors of 590214.
2, 3, 98369
List the prime factors of 110790.
2, 3, 5, 1231
List the prime factors of 1552773.
3, 43, 12037
List the prime factors of 6809640.
2, 3, 5, 56747
List the prime factors of 1696956.
2, 3, 141413
What are the prime factors of 2977435?
5, 59, 10093
List the prime factors of 3386105.
5, 73, 9277
What are the prime factors of 31104182?
2, 29, 536279
What are the prime factors of 4986779?
7, 101771
List the prime factors of 1175260.
2, 5, 58763
List the prime factors of 8315261.
17, 489133
List the prime factors of 380244.
2, 3, 31687
What are the prime factors of 311117?
17, 18301
What are the prime factors of 30106026?
2, 3, 557519
What are the prime factors of 174672?
2, 3, 1213
List the prime factors of 530.
2, 5